t(-9)?
3
Suppose -15*v = -32*v + 180 - 61. Let m(q) = 25*q - 188. Give m(v).
-13
Let i(z) = 5 + z**2 - 2*z - 15 - 2 + 3*z + 0*z. Determine i(-6).
18
Let f(p) = -2*p**3 - 8*p**2 + 4*p + 4. Let v(j) = -j**2 - 14*j + 142. Let y be v(-21). Determine f(y).
34
Let u = -37 - -26. Let g(c) be the third derivative of -c**5/60 - c**4/2 - 7*c**3/6 + 230*c**2. Determine g(u).
4
Let j(b) = -b**3 + 7*b**2 - 6*b + 1. Let u be 73 + ((-27)/3 - -7). Suppose -11*l = 5 - u. What is j(l)?
1
Let q(c) = -4*c**2 + 2211 + 5*c**2 - 3*c**3 - 2215 + 4*c + c**2 - 5*c. Determine q(-2).
30
Suppose 0 = j + 3 - 2, 9 = 5*q - 4*j. Let c(i) = -9*i + 6 - i**2 - 5 + q - 13. Determine c(-6).
7
Let h(d) be the third derivative of d**4/24 - 11*d**3/6 + d**2 - 419*d. Determine h(15).
4
Let u = 4 + 3. Let j(d) = -3*d + u*d - 3*d + 10. Let w = 48452 + -48461. Calculate j(w).
1
Suppose 0 = 3*w - 8*w + 50. Suppose -2*o - 3*o = 3*j - w, 5*j = -o + 24. Let l(s) be the first derivative of -5*s**2 - s - 232. Give l(o).
9
Suppose 0 = -4*y + 2 + 14, 0 = -2*z - 4*y + 22. Suppose -z*c - 6 = -2*c. Let r(x) = 6*x + 4 + 4*x**3 + 7*x**2 - 2*x**3 - x**3. Determine r(c).
4
Let b(s) = -s**3 + 6*s**2 - 8*s - 8. Let n be (-3)/63 - (-1870)/462. Give b(n).
-8
Let b(g) = 33*g. Let t be (10 - 400/30)/((-2)/117). Suppose 3 = 192*s - t*s. Give b(s).
-33
Let n(l) be the first derivative of l**3/3 + l**2 - 4*l - 10143. Let j(f) = -f**3 + f - 3. Let y be j(0). Calculate n(y).
-1
Let s be ((-1)/17)/((-150)/1275). Let w(d) be the first derivative of 3 + 12*d - s*d**2. Calculate w(0).
12
Let d(o) be the first derivative of -o**2/2 + 31*o + 2317. What is d(11)?
20
Let u(o) = 113 + 7*o + 113 - 237 - 7*o**2 + 11*o**2 - o**3. What is u(2)?
11
Let i(t) = 2*t**2 + 6*t - 14. Let a be i(3). Let l(c) = -10 + a*c + 5 - 7*c + 4. Let y = -13 + 14. What is l(y)?
14
Let h(s) = 0*s + 3*s**3 - 6*s**3 - s - 2. Let f = -10766 + 10768. Give h(f).
-28
Suppose 147*q + 12 = 150*q. Suppose 3*v = 5*d, v + q*v = -3*d. Let f(o) = o**2 + o - 1. Calculate f(d).
-1
Let g(x) be the third derivative of -21*x**2 + 0 - x + 9/20*x**5 + 0*x**3 + 1/24*x**4. Give g(-1).
26
Let q(l) = 48 + 17436*l + 17429*l - 34859*l. Determine q(-10).
-12
Let x(w) = -w**3 - 8*w**2 - 10*w + 7. Let n = 7336 + -7341. Determine x(n).
-18
Let l(t) = -7 - 15 - 13 + 11*t + 4*t**2 - 18 + t**3 + 68. Calculate l(-3).
-9
Let f(x) = x**3 - 7*x**2 + 7*x - 5. Suppose -314 = -6*a + 418. Suppose 36 = -a*s + 126*s. Suppose 5*g = s*z - 4*z - 5, -14 = z - 4*g. What is f(z)?
1
Let k = 459 + -455. Let b(y) = 2*y + 20. Let r(u) = -3*u - 24. Let d(z) = k*b(z) + 3*r(z). What is d(0)?
8
Let o(r) = r**3 + 8*r**2 + 4*r - 2. Suppose 4*v + 515 = z, 3*z + 648 = -5*v - 0*z. Let u = 122 + v. Determine o(u).
19
Let n(v) = v**3 + 23*v**2 - 246*v - 28. Let f be n(8). Let u(y) = 6 - y - 2*y + 4*y. Determine u(f).
-6
Let u(q) = -11 - 3*q - 15 - 12 + 5*q + 31. Let w(y) = y - 1. Let g(p) = -3*u(p) + 5*w(p). Give g(8).
8
Let c = 504 - 373. Let x = c + -131. Let h(j) = -j**2 - j - 1. Give h(x).
-1
Let d(n) = -237*n**2 + 2*n + 6 + 113*n**2 + 123*n**2. Let t(s) = -s - 9. Let f be t(8). Let k = f + 13. What is d(k)?
-18
Let s(j) = j - 3. Let y(h) be the third derivative of -h**5/30 + 25*h**4/24 - 11*h**3/3 - h**2 + 2. Let z be y(12). Give s(z).
-13
Let z(c) = -159*c**3 - 2*c - 141*c**3 + 18 + 13*c**2 - 142*c**3 + 441*c**3. Calculate z(13).
-8
Let x(z) = 876 + z**2 - 60*z + 67*z - 904. Calculate x(-10).
2
Let f(u) be the first derivative of 5*u**2/2 + u - 3729. Calculate f(1).
6
Let p(s) = 164 + 16 + 14*s + 40 - 36. What is p(-13)?
2
Let q(u) = 58*u - 75*u + 3*u**2 - 41 + u**3 + 5 + 11*u**2. Calculate q(-15).
-6
Suppose c = 3*m + 16, -13*c + 4*m + 16 = -17*c. Let l(n) = -3*n - 6*n + 8*n - c. Determine l(-5).
4
Let h(g) = 14*g - 3. Let o = 10792 + -10788. Calculate h(o).
53
Let n(z) be the first derivative of 3*z**2/2 + 30*z - 527. Suppose -27*x = -25*x + 24. Determine n(x).
-6
Let n(c) = 21 - 12 - c**2 - 4 - 5 + 8*c - 4. Suppose 0*l = -3*l - 24. Let w = 16 + l. Calculate n(w).
-4
Let x(p) = -64*p - 127. Let v be x(-2). Let i(m) = -35*m**3 + 2*m**2 - m. Determine i(v).
-34
Let s(w) = 2*w + 50. Suppose -13*x - 123 + 73 = 288. What is s(x)?
-2
Let v(d) = 3*d + 19. Let q be v(-6). Suppose 7 = 6*k + q. Let f(i) = -15*i**2. Give f(k).
-15
Let i(c) = -20*c**2 - 30*c - 20. Let j(r) = 7*r**2 + 10*r + 7. Let g(s) = -6*i(s) - 17*j(s). Let q = 1500 + -1510. Give g(q).
1
Suppose -193*s - 4 = o - 190*s, 0 = -4*s. Let j(m) = 2*m**3 + 5*m**2 - 5*m - 6. Determine j(o).
-34
Let d(o) = 3*o**2 + 36*o + 3. Let l(m) = -10*m**2 - 110*m - 8. Let f(v) = 7*d(v) + 2*l(v). Give f(-32).
5
Let v be (1 - 2115/27)*6/(-4). Let r(s) = -3*s + 228 - 123 - v. Calculate r(-11).
22
Let h(s) be the first derivative of -s**5/120 - s**4/6 + 17*s**3 - s**2 - 37. Let l(k) be the third derivative of h(k). Let c = -6 - -3. What is l(c)?
-1
Suppose 0 = -7*z - 15 - 13. Let f = z - -6. Suppose f = -13*a + 15*a. Let b(h) = 3*h + 1. Determine b(a).
4
Let g(n) = 2*n**2 - 6*n - 1. Let b(i) be the first derivative of -2*i**3/3 - 13*i**2/2 - 15*i + 201. Let j be b(-4). Calculate g(j).
19
Let q(p) = -2*p**2 - 12*p - 7. Let y(f) = -2*f**2 - 13*f - 8. Let a(t) = -t**2 + 21*t - 112. Let r be a(9). Let c(m) = r*y(m) + 5*q(m). What is c(-3)?
3
Let t be 4*7/((-98)/21) - -1148. Let l = t - 1148. Let j(s) = 8*s - 2*s**2 - 2*s**2 + 0*s + 2 - s**3. What is j(l)?
26
Let x(l) = -l + 1. Let c(i) = -i**3 - 5*i**2 - 2*i + 3. Let h(u) = -u**2 - u - 1. Let k(n) = -c(n) + 2*h(n). Let f(r) = -k(r) - 4*x(r). Give f(-3).
-11
Let l(c) be the first derivative of -2*c**3/3 - 4336. Suppose 2*j + 3*z - 6 = 0, -j - j - 5*z = -2. Let a = j + -8. Calculate l(a).
-8
Let p(m) = 3*m**2 - 6*m - 6. Let v(x) = -x**2 + 11*x + 12. Let n(z) = -z**2. Let h(k) = -6*n(k) - v(k). Let c(s) = -4*h(s) + 9*p(s). What is c(-10)?
-6
Let b(p) be the second derivative of 2*p**3/3 - 41*p**2/2 + 372*p - 2. Determine b(9).
-5
Suppose 404*l = 407*l - 2*q - 25, 20 = -4*q. Let u(z) = z**2 - z - 14. Determine u(l).
6
Suppose -k - 2*k + 5*q = -5, -2*k + 12 = q. Let f(i) be the second derivative of i**5/20 - 7*i**4/12 + 2*i**3/3 + 3*i**2/2 + 38*i - 8. Determine f(k).
-27
Let i(z) be the third derivative of -z**6/120 - 13*z**5/60 - 31*z**4/24 - 10*z**3/3 - z**2 - 89*z - 18. Determine i(-10).
-10
Suppose -37 = 5*k - 52. Let c(g) = -13*g**3 - 6*g**2 + 5*g**k - 6*g - 5 + 9*g**3. Let u be 10/45 + 122/18. Determine c(u).
2
Let b(g) = g**2 + g - 16. Let m be (-1)/((-8)/52)*6. Suppose m*p = -27*p + 61*p. Give b(p).
-16
Let h(r) = 11*r**2 - 107*r + 19. Let m(a) = 7*a**2 - 71*a + 13. Let d(z) = -5*h(z) + 7*m(z). Calculate d(6).
8
Let w = -9829 - -9826. Let k(j) = 6*j**2 + j + 5. Let t(l) = -5*l**2 - l - 4. Let n(a) = -4*k(a) - 5*t(a). Determine n(w).
6
Let m be 1210/80 - (-3)/(-24). Let h(b) = 33 + 8*b - m - 18. Suppose 0 = -2*x + 1 - 3. Give h(x).
-8
Let b(k) be the first derivative of -k**4/4 - 29*k**3/3 + 15*k**2 + 11*k + 9. Let f be b(-30). Let g(a) = a - 12. Give g(f).
-1
Let y(c) be the first derivative of -c**4/4 + 23*c**3/3 + c**2/2 - 50*c + 2560. Calculate y(23).
-27
Let i = 1306152 + -1306163. Let g(h) be the third derivative of 5/3*h**3 + 0 + 1/60*h**5 + h**2 + 11/24*h**4 + 0*h. Calculate g(i).
10
Let u = 655 + -436. Let d(l) = 222*l**3 - l**2 - 4 + 2*l + u*l**3 - 442*l**3. Calculate d(-3).
8
Suppose 3*w + 4*y = 27, 0 = -2*w - 13*y + 16*y + 18. Let f(j) = j**3 - 10*j**2 + 4*j + 5. Determine f(w).
-40
Suppose -16 = 5*o + p, 9*p - 7*p = -5*o - 12. Suppose l = 4*l + 3. Let y be 1/l + 6 + o. Let b(r) = -6*r + 1. Give b(y).
-5
Let b(i) be the third derivative of i**4/12 + 8*i**3/3 - 4*i**2 + 36. Give b(5).
26
Let n(a) = 77*a - a**3 + 237*a**2 - 205*a**2 + 69*a - 148*a + 106. Calculate n(32).
42
Let p(f) be the third derivative of 0 + f + 1/3*f**3 - 1/24*f**4 - 21*f**2. Give p(2).
0
Let i be (-2)/((-2)/(-13)) + -2. Let w(k) = -2*k**2 - k - 6. Let b(h) = -11*h**2 - 20*h - 32. Let c(j) = b(j) - 5*w(j). Determine c(i).
-2
Let x(b) = -35*b + 12*b - 48066 - b**2 + 48021. Calculate x(-18).
45
Suppose 167*l = 429 + 2577. Let h(a) = a**2 - 16*a - 54. Calculate h(l).
-18
Let f(m) = 16*m - 43. Let x(c) be the second derivative of 8*c**3/3 - 33*c**2/2 - 70*c. Let h(q) = -3*f(q) + 4*x(q). What is h(1)?
13
Let g(z) = -214*z + 1293. Let v(r